{"id":640,"date":"2024-06-24T15:15:19","date_gmt":"2024-06-24T13:15:19","guid":{"rendered":"https:\/\/am2s.com\/?page_id=640"},"modified":"2024-07-08T13:44:26","modified_gmt":"2024-07-08T11:44:26","slug":"motorisation-indus","status":"publish","type":"page","link":"https:\/\/am2s.com\/index.php\/motorisation-indus\/","title":{"rendered":"Motorisations Indus."},"content":{"rendered":"\t\t<div data-elementor-type=\"wp-page\" data-elementor-id=\"640\" class=\"elementor elementor-640\" data-elementor-post-type=\"page\">\n\t\t\t\t<div class=\"elementor-element elementor-element-c8bb6cf e-flex e-con-boxed e-con e-parent\" data-id=\"c8bb6cf\" data-element_type=\"container\" data-e-type=\"container\">\n\t\t\t\t\t<div class=\"e-con-inner\">\n\t\t\t\t<div class=\"elementor-element elementor-element-a39bd65 elementor-widget elementor-widget-heading\" data-id=\"a39bd65\" data-element_type=\"widget\" data-e-type=\"widget\" data-widget_type=\"heading.default\">\n\t\t\t\t<div class=\"elementor-widget-container\">\n\t\t\t\t\t<h2 class=\"elementor-heading-title elementor-size-default\">Gamme compl\u00e9te d'automatisme <\/h2>\t\t\t\t<\/div>\n\t\t\t\t<\/div>\n\t\t\t\t\t<\/div>\n\t\t\t\t<\/div>\n\t\t<div class=\"elementor-element elementor-element-b1b0480 e-flex e-con-boxed e-con e-parent\" data-id=\"b1b0480\" data-element_type=\"container\" data-e-type=\"container\">\n\t\t\t\t\t<div class=\"e-con-inner\">\n\t\t\t\t<div class=\"elementor-element elementor-element-bbdff41 elementor-widget elementor-widget-spacer\" data-id=\"bbdff41\" data-element_type=\"widget\" data-e-type=\"widget\" data-widget_type=\"spacer.default\">\n\t\t\t\t<div class=\"elementor-widget-container\">\n\t\t\t\t\t\t\t<div class=\"elementor-spacer\">\n\t\t\t<div class=\"elementor-spacer-inner\"><\/div>\n\t\t<\/div>\n\t\t\t\t\t\t<\/div>\n\t\t\t\t<\/div>\n\t\t\t\t\t<\/div>\n\t\t\t\t<\/div>\n\t\t<div class=\"elementor-element elementor-element-f94f861 e-flex e-con-boxed e-con e-parent\" data-id=\"f94f861\" data-element_type=\"container\" data-e-type=\"container\">\n\t\t\t\t\t<div class=\"e-con-inner\">\n\t\t\t\t<div class=\"elementor-element elementor-element-8008dbd elementor-widget elementor-widget-heading\" data-id=\"8008dbd\" data-element_type=\"widget\" data-e-type=\"widget\" data-widget_type=\"heading.default\">\n\t\t\t\t<div class=\"elementor-widget-container\">\n\t\t\t\t\t<h2 class=\"elementor-heading-title elementor-size-default\">Collectifs &amp; Industriels<\/h2>\t\t\t\t<\/div>\n\t\t\t\t<\/div>\n\t\t\t\t\t<\/div>\n\t\t\t\t<\/div>\n\t\t<div class=\"elementor-element elementor-element-230332a e-flex e-con-boxed e-con e-parent\" data-id=\"230332a\" data-element_type=\"container\" data-e-type=\"container\">\n\t\t\t\t\t<div class=\"e-con-inner\">\n\t\t<div class=\"elementor-element elementor-element-e0f87c1 e-con-full e-flex e-con e-child\" data-id=\"e0f87c1\" data-element_type=\"container\" data-e-type=\"container\">\n\t\t\t\t<div class=\"elementor-element elementor-element-43e9493 elementor-widget elementor-widget-image\" data-id=\"43e9493\" data-element_type=\"widget\" data-e-type=\"widget\" data-widget_type=\"image.default\">\n\t\t\t\t<div class=\"elementor-widget-container\">\n\t\t\t\t\t\t\t\t\t\t\t\t\t\t\t<img fetchpriority=\"high\" decoding=\"async\" width=\"695\" height=\"695\" src=\"https:\/\/am2s.com\/wp-content\/uploads\/2024\/06\/ironbox-2.png\" class=\"attachment-large size-large wp-image-1308\" alt=\"\" srcset=\"https:\/\/am2s.com\/wp-content\/uploads\/2024\/06\/ironbox-2.png 695w, https:\/\/am2s.com\/wp-content\/uploads\/2024\/06\/ironbox-2-300x300.png 300w, https:\/\/am2s.com\/wp-content\/uploads\/2024\/06\/ironbox-2-150x150.png 150w, https:\/\/am2s.com\/wp-content\/uploads\/2024\/06\/ironbox-2-600x600.png 600w, https:\/\/am2s.com\/wp-content\/uploads\/2024\/06\/ironbox-2-100x100.png 100w\" sizes=\"(max-width: 695px) 100vw, 695px\" \/>\t\t\t\t\t\t\t\t\t\t\t\t\t\t\t<\/div>\n\t\t\t\t<\/div>\n\t\t\t\t<\/div>\n\t\t<div class=\"elementor-element elementor-element-b03518e e-con-full e-flex e-con e-child\" data-id=\"b03518e\" data-element_type=\"container\" data-e-type=\"container\">\n\t\t<div class=\"elementor-element elementor-element-9e766f9 e-con-full e-flex e-con e-child\" data-id=\"9e766f9\" data-element_type=\"container\" data-e-type=\"container\">\n\t\t\t\t<div class=\"elementor-element elementor-element-743d684 elementor-widget elementor-widget-text-editor\" data-id=\"743d684\" data-element_type=\"widget\" data-e-type=\"widget\" data-widget_type=\"text-editor.default\">\n\t\t\t\t<div class=\"elementor-widget-container\">\n\t\t\t\t\t\t\t\t\t<h1>Pour portails coulissants<\/h1><p>Large gamme d&rsquo;automatisme pour portails coulissants collectifs\/industriels. Des solutions pour\u00a0 les installations dans\u00a0<span style=\"font-size: 14px; color: var( --e-global-color-text ); text-align: var(--text-align);\">les environnements \u00e0 haut\u00a0<\/span><span style=\"font-size: 14px; color: var( --e-global-color-text ); text-align: var(--text-align);\">risque de vandalisme<\/span><\/p><ul><li>Motor\u00e9ducteurs irr\u00e9versibles avec fins de course \u00e9lectrom\u00e9caniques ou magn\u00e9tiques<\/li><li>Ventilateur interne pour assurer un usage intensif<\/li><li>Versions monophas\u00e9es en 230V et triphas\u00e9es en 400V avec encodeur pour la gestion de la position et la d\u00e9tection d\u2019obstacles<\/li><li>R\u00e9glage de la vitesse et du ralentissement en ouverture et fermeture<\/li><li>D\u00e9marrage progressif et arr\u00eat progressif pour toutes les versions<\/li><li>Dispositif anti-inertie pour les moteurs en 400V<\/li><li>Version en 400V avec dispositif \u00e9lectrom\u00e9canique de freinage<\/li><\/ul>\t\t\t\t\t\t\t\t<\/div>\n\t\t\t\t<\/div>\n\t\t\t\t<\/div>\n\t\t<div class=\"elementor-element elementor-element-2bfe660 e-con-full e-flex e-con e-child\" data-id=\"2bfe660\" data-element_type=\"container\" data-e-type=\"container\">\n\t\t\t\t<div class=\"elementor-element elementor-element-287b87a elementor-widget elementor-widget-image\" data-id=\"287b87a\" data-element_type=\"widget\" data-e-type=\"widget\" data-widget_type=\"image.default\">\n\t\t\t\t<div class=\"elementor-widget-container\">\n\t\t\t\t\t\t\t\t\t\t\t\t\t\t\t<img decoding=\"async\" width=\"150\" height=\"150\" src=\"https:\/\/am2s.com\/wp-content\/uploads\/2024\/06\/DEA-GULLIVER-AM2S-150x150.png\" class=\"attachment-thumbnail size-thumbnail wp-image-1309\" alt=\"\" srcset=\"https:\/\/am2s.com\/wp-content\/uploads\/2024\/06\/DEA-GULLIVER-AM2S-150x150.png 150w, https:\/\/am2s.com\/wp-content\/uploads\/2024\/06\/DEA-GULLIVER-AM2S-298x300.png 298w, https:\/\/am2s.com\/wp-content\/uploads\/2024\/06\/DEA-GULLIVER-AM2S-768x772.png 768w, https:\/\/am2s.com\/wp-content\/uploads\/2024\/06\/DEA-GULLIVER-AM2S-600x600.png 600w, https:\/\/am2s.com\/wp-content\/uploads\/2024\/06\/DEA-GULLIVER-AM2S-100x100.png 100w, https:\/\/am2s.com\/wp-content\/uploads\/2024\/06\/DEA-GULLIVER-AM2S.png 792w\" sizes=\"(max-width: 150px) 100vw, 150px\" \/>\t\t\t\t\t\t\t\t\t\t\t\t\t\t\t<\/div>\n\t\t\t\t<\/div>\n\t\t\t\t<\/div>\n\t\t\t\t<\/div>\n\t\t\t\t\t<\/div>\n\t\t\t\t<\/div>\n\t\t<div class=\"elementor-element elementor-element-65d0253 e-flex e-con-boxed e-con e-parent\" data-id=\"65d0253\" data-element_type=\"container\" data-e-type=\"container\">\n\t\t\t\t\t<div class=\"e-con-inner\">\n\t\t\t\t<div class=\"elementor-element elementor-element-740fce2 elementor-widget elementor-widget-spacer\" data-id=\"740fce2\" data-element_type=\"widget\" data-e-type=\"widget\" data-widget_type=\"spacer.default\">\n\t\t\t\t<div class=\"elementor-widget-container\">\n\t\t\t\t\t\t\t<div class=\"elementor-spacer\">\n\t\t\t<div class=\"elementor-spacer-inner\"><\/div>\n\t\t<\/div>\n\t\t\t\t\t\t<\/div>\n\t\t\t\t<\/div>\n\t\t\t\t\t<\/div>\n\t\t\t\t<\/div>\n\t\t<div class=\"elementor-element elementor-element-e411e0a e-flex e-con-boxed e-con e-parent\" data-id=\"e411e0a\" data-element_type=\"container\" data-e-type=\"container\">\n\t\t\t\t\t<div class=\"e-con-inner\">\n\t\t<div class=\"elementor-element elementor-element-ae3c0b2 e-con-full e-flex e-con e-child\" data-id=\"ae3c0b2\" data-element_type=\"container\" data-e-type=\"container\">\n\t\t\t\t<div class=\"elementor-element elementor-element-1045128 elementor-widget elementor-widget-text-editor\" data-id=\"1045128\" data-element_type=\"widget\" data-e-type=\"widget\" data-widget_type=\"text-editor.default\">\n\t\t\t\t<div class=\"elementor-widget-container\">\n\t\t\t\t\t\t\t\t\t<header class=\" ce-headline-fake-grid\"><h1>Pour porte sectionnelle r\u00e9sidentiel.\u00a0 \u00a0 \u00a0 \u00a0 \u00a0 \u00a0 \u00a0 \u00a0 \u00a0 \u00a0 \u00a0 SupraMatic 4<\/h1><\/header><p>Ouvrez votre porte avec la motorisation SupraMatic rapidement et facilement \u00e0 l\u2019aide de l\u2019\u00e9metteur et regagnez directement votre garage sans attendre. Gr\u00e2ce au r\u00e9cepteur Bluetooth de s\u00e9rie, vous pouvez \u00e9galement commander votre porte via l\u2019appli BlueSecur H\u00f6rmann. Ainsi, vous disposez \u00e0 tout instant de votre \u00e9metteur de porte sur votre smartphone. Gr\u00e2ce \u00e0 son \u00e9clairage \u00e0 LED \u00e0 efficience \u00e9nerg\u00e9tique, la motorisation de porte de garage SupraMatic assure un \u00e9clairage homog\u00e8ne du garage. Le capot de motorisation en acier inoxydable conf\u00e8re \u00e0 la motorisation une \u00e9l\u00e9gance raffin\u00e9e exclusive. De plus, SupraMatic se caract\u00e9rise par une consommation \u00e9nerg\u00e9tique particuli\u00e8rement faible et consomme moins d\u20191\u00a0Watt en veille. En option, la motorisation peut \u00e9galement \u00eatre mise en r\u00e9seau avec des unit\u00e9s centrales Smart Home externes.<\/p>\t\t\t\t\t\t\t\t<\/div>\n\t\t\t\t<\/div>\n\t\t\t\t<\/div>\n\t\t<div class=\"elementor-element elementor-element-cfed810 e-con-full e-flex e-con e-child\" data-id=\"cfed810\" data-element_type=\"container\" data-e-type=\"container\">\n\t\t\t\t<div class=\"elementor-element elementor-element-0cc198f e-transform elementor-widget elementor-widget-image\" data-id=\"0cc198f\" data-element_type=\"widget\" data-e-type=\"widget\" data-settings=\"{&quot;_transform_scale_effect&quot;:{&quot;unit&quot;:&quot;px&quot;,&quot;size&quot;:1,&quot;sizes&quot;:[]},&quot;_transform_scale_effect_tablet&quot;:{&quot;unit&quot;:&quot;px&quot;,&quot;size&quot;:&quot;&quot;,&quot;sizes&quot;:[]},&quot;_transform_scale_effect_mobile&quot;:{&quot;unit&quot;:&quot;px&quot;,&quot;size&quot;:&quot;&quot;,&quot;sizes&quot;:[]}}\" data-widget_type=\"image.default\">\n\t\t\t\t<div class=\"elementor-widget-container\">\n\t\t\t\t\t\t\t\t\t\t\t\t\t\t\t<img decoding=\"async\" width=\"577\" height=\"448\" src=\"https:\/\/am2s.com\/wp-content\/uploads\/2024\/06\/moteur-SupraMatic-AM2S-e1719479814532.jpg\" class=\"attachment-full size-full wp-image-1321\" alt=\"\" srcset=\"https:\/\/am2s.com\/wp-content\/uploads\/2024\/06\/moteur-SupraMatic-AM2S-e1719479814532.jpg 577w, https:\/\/am2s.com\/wp-content\/uploads\/2024\/06\/moteur-SupraMatic-AM2S-e1719479814532-300x233.jpg 300w\" sizes=\"(max-width: 577px) 100vw, 577px\" \/>\t\t\t\t\t\t\t\t\t\t\t\t\t\t\t<\/div>\n\t\t\t\t<\/div>\n\t\t\t\t<\/div>\n\t\t<div class=\"elementor-element elementor-element-e720430 e-con-full e-flex e-con e-child\" data-id=\"e720430\" data-element_type=\"container\" data-e-type=\"container\">\n\t\t\t\t<div class=\"elementor-element elementor-element-fc17285 elementor-widget elementor-widget-image\" data-id=\"fc17285\" data-element_type=\"widget\" data-e-type=\"widget\" data-widget_type=\"image.default\">\n\t\t\t\t<div class=\"elementor-widget-container\">\n\t\t\t\t\t\t\t\t\t\t\t\t\t\t\t<img loading=\"lazy\" decoding=\"async\" width=\"1920\" height=\"794\" src=\"https:\/\/am2s.com\/wp-content\/uploads\/2024\/06\/SupraMatic-AM2S.avif\" class=\"attachment-full size-full wp-image-1323\" alt=\"\" \/>\t\t\t\t\t\t\t\t\t\t\t\t\t\t\t<\/div>\n\t\t\t\t<\/div>\n\t\t\t\t<\/div>\n\t\t\t\t\t<\/div>\n\t\t\t\t<\/div>\n\t\t<div class=\"elementor-element elementor-element-852f8bd e-flex e-con-boxed e-con e-parent\" data-id=\"852f8bd\" data-element_type=\"container\" data-e-type=\"container\">\n\t\t\t\t\t<div class=\"e-con-inner\">\n\t\t\t\t<div class=\"elementor-element elementor-element-100d63a elementor-widget elementor-widget-spacer\" data-id=\"100d63a\" data-element_type=\"widget\" data-e-type=\"widget\" data-widget_type=\"spacer.default\">\n\t\t\t\t<div class=\"elementor-widget-container\">\n\t\t\t\t\t\t\t<div class=\"elementor-spacer\">\n\t\t\t<div class=\"elementor-spacer-inner\"><\/div>\n\t\t<\/div>\n\t\t\t\t\t\t<\/div>\n\t\t\t\t<\/div>\n\t\t\t\t\t<\/div>\n\t\t\t\t<\/div>\n\t\t<div class=\"elementor-element elementor-element-a0cf5f7 e-con-full e-flex e-con e-parent\" data-id=\"a0cf5f7\" data-element_type=\"container\" data-e-type=\"container\">\n\t\t\t\t<div class=\"elementor-element elementor-element-52d3eca elementor-align-center elementor-widget elementor-widget-button\" data-id=\"52d3eca\" data-element_type=\"widget\" data-e-type=\"widget\" data-widget_type=\"button.default\">\n\t\t\t\t<div class=\"elementor-widget-container\">\n\t\t\t\t\t\t\t\t\t<div class=\"elementor-button-wrapper\">\n\t\t\t\t\t<a class=\"elementor-button elementor-button-link elementor-size-sm\" href=\"https:\/\/am2s.com\/index.php\/contact\/\">\n\t\t\t\t\t\t<span class=\"elementor-button-content-wrapper\">\n\t\t\t\t\t\t<span class=\"elementor-button-icon\">\n\t\t\t\t<svg aria-hidden=\"true\" class=\"e-font-icon-svg e-fas-euro-sign\" viewBox=\"0 0 320 512\" xmlns=\"http:\/\/www.w3.org\/2000\/svg\"><path d=\"M310.706 413.765c-1.314-6.63-7.835-10.872-14.424-9.369-10.692 2.439-27.422 5.413-45.426 5.413-56.763 0-101.929-34.79-121.461-85.449h113.689a12 12 0 0 0 11.708-9.369l6.373-28.36c1.686-7.502-4.019-14.631-11.708-14.631H115.22c-1.21-14.328-1.414-28.287.137-42.245H261.95a12 12 0 0 0 11.723-9.434l6.512-29.755c1.638-7.484-4.061-14.566-11.723-14.566H130.184c20.633-44.991 62.69-75.03 117.619-75.03 14.486 0 28.564 2.25 37.851 4.145 6.216 1.268 12.347-2.498 14.002-8.623l11.991-44.368c1.822-6.741-2.465-13.616-9.326-14.917C290.217 34.912 270.71 32 249.635 32 152.451 32 74.03 92.252 45.075 176H12c-6.627 0-12 5.373-12 12v29.755c0 6.627 5.373 12 12 12h21.569c-1.009 13.607-1.181 29.287-.181 42.245H12c-6.627 0-12 5.373-12 12v28.36c0 6.627 5.373 12 12 12h30.114C67.139 414.692 145.264 480 249.635 480c26.301 0 48.562-4.544 61.101-7.788 6.167-1.595 10.027-7.708 8.788-13.957l-8.818-44.49z\"><\/path><\/svg>\t\t\t<\/span>\n\t\t\t\t\t\t\t\t\t<span class=\"elementor-button-text\">DEMANDE DE DEVIS<\/span>\n\t\t\t\t\t<\/span>\n\t\t\t\t\t<\/a>\n\t\t\t\t<\/div>\n\t\t\t\t\t\t\t\t<\/div>\n\t\t\t\t<\/div>\n\t\t\t\t<\/div>\n\t\t\t\t<\/div>\n\t\t","protected":false},"excerpt":{"rendered":"<p>Gamme compl\u00e9te d&rsquo;automatisme Collectifs &#038; Industriels Pour portails coulissants Large gamme d&rsquo;automatisme pour portails coulissants collectifs\/industriels. Des solutions pour\u00a0 les installations dans\u00a0les environnements \u00e0 haut\u00a0risque de vandalisme Motor\u00e9ducteurs irr\u00e9versibles avec fins de course \u00e9lectrom\u00e9caniques ou magn\u00e9tiques Ventilateur interne pour assurer un usage intensif Versions monophas\u00e9es en 230V et triphas\u00e9es en 400V avec encodeur pour la [&hellip;]<\/p>\n","protected":false},"author":1,"featured_media":0,"parent":0,"menu_order":0,"comment_status":"closed","ping_status":"closed","template":"","meta":{"ocean_post_layout":"","ocean_both_sidebars_style":"","ocean_both_sidebars_content_width":0,"ocean_both_sidebars_sidebars_width":0,"ocean_sidebar":"","ocean_second_sidebar":"","ocean_disable_margins":"enable","ocean_add_body_class":"","ocean_shortcode_before_top_bar":"","ocean_shortcode_after_top_bar":"","ocean_shortcode_before_header":"","ocean_shortcode_after_header":"","ocean_has_shortcode":"","ocean_shortcode_after_title":"","ocean_shortcode_before_footer_widgets":"","ocean_shortcode_after_footer_widgets":"","ocean_shortcode_before_footer_bottom":"","ocean_shortcode_after_footer_bottom":"","ocean_display_top_bar":"default","ocean_display_header":"default","ocean_header_style":"","ocean_center_header_left_menu":"","ocean_custom_header_template":"","ocean_custom_logo":0,"ocean_custom_retina_logo":0,"ocean_custom_logo_max_width":0,"ocean_custom_logo_tablet_max_width":0,"ocean_custom_logo_mobile_max_width":0,"ocean_custom_logo_max_height":0,"ocean_custom_logo_tablet_max_height":0,"ocean_custom_logo_mobile_max_height":0,"ocean_header_custom_menu":"","ocean_menu_typo_font_family":"","ocean_menu_typo_font_subset":"","ocean_menu_typo_font_size":0,"ocean_menu_typo_font_size_tablet":0,"ocean_menu_typo_font_size_mobile":0,"ocean_menu_typo_font_size_unit":"px","ocean_menu_typo_font_weight":"","ocean_menu_typo_font_weight_tablet":"","ocean_menu_typo_font_weight_mobile":"","ocean_menu_typo_transform":"","ocean_menu_typo_transform_tablet":"","ocean_menu_typo_transform_mobile":"","ocean_menu_typo_line_height":0,"ocean_menu_typo_line_height_tablet":0,"ocean_menu_typo_line_height_mobile":0,"ocean_menu_typo_line_height_unit":"","ocean_menu_typo_spacing":0,"ocean_menu_typo_spacing_tablet":0,"ocean_menu_typo_spacing_mobile":0,"ocean_menu_typo_spacing_unit":"","ocean_menu_link_color":"","ocean_menu_link_color_hover":"","ocean_menu_link_color_active":"","ocean_menu_link_background":"","ocean_menu_link_hover_background":"","ocean_menu_link_active_background":"","ocean_menu_social_links_bg":"","ocean_menu_social_hover_links_bg":"","ocean_menu_social_links_color":"","ocean_menu_social_hover_links_color":"","ocean_disable_title":"default","ocean_disable_heading":"default","ocean_post_title":"","ocean_post_subheading":"","ocean_post_title_style":"","ocean_post_title_background_color":"","ocean_post_title_background":0,"ocean_post_title_bg_image_position":"","ocean_post_title_bg_image_attachment":"","ocean_post_title_bg_image_repeat":"","ocean_post_title_bg_image_size":"","ocean_post_title_height":0,"ocean_post_title_bg_overlay":0.5,"ocean_post_title_bg_overlay_color":"","ocean_disable_breadcrumbs":"default","ocean_breadcrumbs_color":"","ocean_breadcrumbs_separator_color":"","ocean_breadcrumbs_links_color":"","ocean_breadcrumbs_links_hover_color":"","ocean_display_footer_widgets":"default","ocean_display_footer_bottom":"default","ocean_custom_footer_template":"","footnotes":""},"class_list":["post-640","page","type-page","status-publish","hentry","entry"],"yoast_head":"<!-- This site is optimized with the Yoast SEO plugin v27.1.1 - https:\/\/yoast.com\/product\/yoast-seo-wordpress\/ -->\n<title>Motorisations Indus. - AM2S<\/title>\n<meta name=\"robots\" content=\"index, follow, max-snippet:-1, max-image-preview:large, max-video-preview:-1\" \/>\n<link rel=\"canonical\" href=\"https:\/\/am2s.com\/index.php\/motorisation-indus\/\" \/>\n<meta property=\"og:locale\" content=\"fr_FR\" \/>\n<meta property=\"og:type\" content=\"article\" \/>\n<meta property=\"og:title\" content=\"Motorisations Indus. - AM2S\" \/>\n<meta property=\"og:description\" content=\"Gamme compl\u00e9te d&rsquo;automatisme Collectifs &#038; Industriels Pour portails coulissants Large gamme d&rsquo;automatisme pour portails coulissants collectifs\/industriels. Des solutions pour\u00a0 les installations dans\u00a0les environnements \u00e0 haut\u00a0risque de vandalisme Motor\u00e9ducteurs irr\u00e9versibles avec fins de course \u00e9lectrom\u00e9caniques ou magn\u00e9tiques Ventilateur interne pour assurer un usage intensif Versions monophas\u00e9es en 230V et triphas\u00e9es en 400V avec encodeur pour la [&hellip;]\" \/>\n<meta property=\"og:url\" content=\"https:\/\/am2s.com\/index.php\/motorisation-indus\/\" \/>\n<meta property=\"og:site_name\" content=\"AM2S\" \/>\n<meta property=\"article:modified_time\" content=\"2024-07-08T11:44:26+00:00\" \/>\n<meta property=\"og:image\" content=\"http:\/\/am2s.com\/wp-content\/uploads\/2024\/06\/ironbox-2.png\" \/>\n<meta name=\"twitter:card\" content=\"summary_large_image\" \/>\n<meta name=\"twitter:label1\" content=\"Dur\u00e9e de lecture estim\u00e9e\" \/>\n\t<meta name=\"twitter:data1\" content=\"2 minutes\" \/>\n<script type=\"application\/ld+json\" class=\"yoast-schema-graph\">{\"@context\":\"https:\/\/schema.org\",\"@graph\":[{\"@type\":\"WebPage\",\"@id\":\"https:\/\/am2s.com\/index.php\/motorisation-indus\/\",\"url\":\"https:\/\/am2s.com\/index.php\/motorisation-indus\/\",\"name\":\"Motorisations Indus. - AM2S\",\"isPartOf\":{\"@id\":\"https:\/\/am2s.com\/#website\"},\"primaryImageOfPage\":{\"@id\":\"https:\/\/am2s.com\/index.php\/motorisation-indus\/#primaryimage\"},\"image\":{\"@id\":\"https:\/\/am2s.com\/index.php\/motorisation-indus\/#primaryimage\"},\"thumbnailUrl\":\"http:\/\/am2s.com\/wp-content\/uploads\/2024\/06\/ironbox-2.png\",\"datePublished\":\"2024-06-24T13:15:19+00:00\",\"dateModified\":\"2024-07-08T11:44:26+00:00\",\"breadcrumb\":{\"@id\":\"https:\/\/am2s.com\/index.php\/motorisation-indus\/#breadcrumb\"},\"inLanguage\":\"fr-FR\",\"potentialAction\":[{\"@type\":\"ReadAction\",\"target\":[\"https:\/\/am2s.com\/index.php\/motorisation-indus\/\"]}]},{\"@type\":\"ImageObject\",\"inLanguage\":\"fr-FR\",\"@id\":\"https:\/\/am2s.com\/index.php\/motorisation-indus\/#primaryimage\",\"url\":\"https:\/\/am2s.com\/wp-content\/uploads\/2024\/06\/ironbox-2.png\",\"contentUrl\":\"https:\/\/am2s.com\/wp-content\/uploads\/2024\/06\/ironbox-2.png\",\"width\":695,\"height\":695},{\"@type\":\"BreadcrumbList\",\"@id\":\"https:\/\/am2s.com\/index.php\/motorisation-indus\/#breadcrumb\",\"itemListElement\":[{\"@type\":\"ListItem\",\"position\":1,\"name\":\"Accueil\",\"item\":\"https:\/\/am2s.com\/\"},{\"@type\":\"ListItem\",\"position\":2,\"name\":\"Motorisations Indus.\"}]},{\"@type\":\"WebSite\",\"@id\":\"https:\/\/am2s.com\/#website\",\"url\":\"https:\/\/am2s.com\/\",\"name\":\"AM2S\",\"description\":\"am2s.com\",\"potentialAction\":[{\"@type\":\"SearchAction\",\"target\":{\"@type\":\"EntryPoint\",\"urlTemplate\":\"https:\/\/am2s.com\/?s={search_term_string}\"},\"query-input\":{\"@type\":\"PropertyValueSpecification\",\"valueRequired\":true,\"valueName\":\"search_term_string\"}}],\"inLanguage\":\"fr-FR\"}]}<\/script>\n<!-- \/ Yoast SEO plugin. -->","yoast_head_json":{"title":"Motorisations Indus. - AM2S","robots":{"index":"index","follow":"follow","max-snippet":"max-snippet:-1","max-image-preview":"max-image-preview:large","max-video-preview":"max-video-preview:-1"},"canonical":"https:\/\/am2s.com\/index.php\/motorisation-indus\/","og_locale":"fr_FR","og_type":"article","og_title":"Motorisations Indus. - AM2S","og_description":"Gamme compl\u00e9te d&rsquo;automatisme Collectifs &#038; Industriels Pour portails coulissants Large gamme d&rsquo;automatisme pour portails coulissants collectifs\/industriels. Des solutions pour\u00a0 les installations dans\u00a0les environnements \u00e0 haut\u00a0risque de vandalisme Motor\u00e9ducteurs irr\u00e9versibles avec fins de course \u00e9lectrom\u00e9caniques ou magn\u00e9tiques Ventilateur interne pour assurer un usage intensif Versions monophas\u00e9es en 230V et triphas\u00e9es en 400V avec encodeur pour la [&hellip;]","og_url":"https:\/\/am2s.com\/index.php\/motorisation-indus\/","og_site_name":"AM2S","article_modified_time":"2024-07-08T11:44:26+00:00","og_image":[{"url":"http:\/\/am2s.com\/wp-content\/uploads\/2024\/06\/ironbox-2.png","type":"","width":"","height":""}],"twitter_card":"summary_large_image","twitter_misc":{"Dur\u00e9e de lecture estim\u00e9e":"2 minutes"},"schema":{"@context":"https:\/\/schema.org","@graph":[{"@type":"WebPage","@id":"https:\/\/am2s.com\/index.php\/motorisation-indus\/","url":"https:\/\/am2s.com\/index.php\/motorisation-indus\/","name":"Motorisations Indus. - AM2S","isPartOf":{"@id":"https:\/\/am2s.com\/#website"},"primaryImageOfPage":{"@id":"https:\/\/am2s.com\/index.php\/motorisation-indus\/#primaryimage"},"image":{"@id":"https:\/\/am2s.com\/index.php\/motorisation-indus\/#primaryimage"},"thumbnailUrl":"http:\/\/am2s.com\/wp-content\/uploads\/2024\/06\/ironbox-2.png","datePublished":"2024-06-24T13:15:19+00:00","dateModified":"2024-07-08T11:44:26+00:00","breadcrumb":{"@id":"https:\/\/am2s.com\/index.php\/motorisation-indus\/#breadcrumb"},"inLanguage":"fr-FR","potentialAction":[{"@type":"ReadAction","target":["https:\/\/am2s.com\/index.php\/motorisation-indus\/"]}]},{"@type":"ImageObject","inLanguage":"fr-FR","@id":"https:\/\/am2s.com\/index.php\/motorisation-indus\/#primaryimage","url":"https:\/\/am2s.com\/wp-content\/uploads\/2024\/06\/ironbox-2.png","contentUrl":"https:\/\/am2s.com\/wp-content\/uploads\/2024\/06\/ironbox-2.png","width":695,"height":695},{"@type":"BreadcrumbList","@id":"https:\/\/am2s.com\/index.php\/motorisation-indus\/#breadcrumb","itemListElement":[{"@type":"ListItem","position":1,"name":"Accueil","item":"https:\/\/am2s.com\/"},{"@type":"ListItem","position":2,"name":"Motorisations Indus."}]},{"@type":"WebSite","@id":"https:\/\/am2s.com\/#website","url":"https:\/\/am2s.com\/","name":"AM2S","description":"am2s.com","potentialAction":[{"@type":"SearchAction","target":{"@type":"EntryPoint","urlTemplate":"https:\/\/am2s.com\/?s={search_term_string}"},"query-input":{"@type":"PropertyValueSpecification","valueRequired":true,"valueName":"search_term_string"}}],"inLanguage":"fr-FR"}]}},"_links":{"self":[{"href":"https:\/\/am2s.com\/index.php\/wp-json\/wp\/v2\/pages\/640","targetHints":{"allow":["GET"]}}],"collection":[{"href":"https:\/\/am2s.com\/index.php\/wp-json\/wp\/v2\/pages"}],"about":[{"href":"https:\/\/am2s.com\/index.php\/wp-json\/wp\/v2\/types\/page"}],"author":[{"embeddable":true,"href":"https:\/\/am2s.com\/index.php\/wp-json\/wp\/v2\/users\/1"}],"replies":[{"embeddable":true,"href":"https:\/\/am2s.com\/index.php\/wp-json\/wp\/v2\/comments?post=640"}],"version-history":[{"count":12,"href":"https:\/\/am2s.com\/index.php\/wp-json\/wp\/v2\/pages\/640\/revisions"}],"predecessor-version":[{"id":1537,"href":"https:\/\/am2s.com\/index.php\/wp-json\/wp\/v2\/pages\/640\/revisions\/1537"}],"wp:attachment":[{"href":"https:\/\/am2s.com\/index.php\/wp-json\/wp\/v2\/media?parent=640"}],"curies":[{"name":"wp","href":"https:\/\/api.w.org\/{rel}","templated":true}]}}